{"id":98,"date":"2016-01-01T21:21:27","date_gmt":"2016-01-01T20:21:27","guid":{"rendered":"http:\/\/asso-6art-sonchamp.fr\/?page_id=98"},"modified":"2025-08-19T20:19:55","modified_gmt":"2025-08-19T19:19:55","slug":"les-compagnies","status":"publish","type":"page","link":"https:\/\/asso-6art-sonchamp.fr\/index.php\/les-compagnies\/","title":{"rendered":"Les Compagnies"},"content":{"rendered":"<div id=\"pl-98\"  class=\"panel-layout\" ><div id=\"pg-98-0\"  class=\"panel-grid panel-no-style\"  style=\"margin-bottom: 10px\" ><div id=\"pgc-98-0-0\"  class=\"panel-grid-cell\" ><div id=\"panel-98-0-0-0\" class=\"so-panel widget widget_sow-editor panel-first-child panel-last-child\" data-index=\"0\" ><div\n\t\t\t\n\t\t\tclass=\"so-widget-sow-editor so-widget-sow-editor-base\"\n\t\t\t\n\t\t>\n<div class=\"siteorigin-widget-tinymce textwidget\">\n\t<h3><strong>Les Compagnies de danse de 6<sup>\u00e8me <\/sup>Art participent \u00e0 des rencontres et\/ou concours chor\u00e9graphiques, ainsi qu\u2019\u00e0 nos Galas et Portes Ouvertes. <span style=\"font-size: 14pt; color: #ff0000;\">Pour les auditions 2025, voir ci-dessous.<\/span><\/strong><\/h3>\n<\/div>\n<\/div><\/div><\/div><\/div><div id=\"pg-98-1\"  class=\"panel-grid panel-no-style\"  style=\"margin-bottom: 10px\" ><div id=\"pgc-98-1-0\"  class=\"panel-grid-cell\" ><div id=\"panel-98-1-0-0\" class=\"so-panel widget widget_sow-editor panel-first-child panel-last-child\" data-index=\"1\" ><div class=\"so-parallax panel-widget-style panel-widget-style-for-98-1-0-0\" style=\"border: 1px solid #000000;\" ><img fetchpriority=\"high\" decoding=\"async\" width=\"1080\" height=\"1080\" src=\"https:\/\/asso-6art-sonchamp.fr\/wp-content\/uploads\/2025\/04\/WhatsApp-Image-2025-04-11-at-23.32.53.jpeg\" class=\"attachment-full size-full\" alt=\"\" data-siteorigin-parallax=\"true\" loading=\"eager\" style=\"opacity: 0.20;\" srcset=\"https:\/\/asso-6art-sonchamp.fr\/wp-content\/uploads\/2025\/04\/WhatsApp-Image-2025-04-11-at-23.32.53.jpeg 1080w, https:\/\/asso-6art-sonchamp.fr\/wp-content\/uploads\/2025\/04\/WhatsApp-Image-2025-04-11-at-23.32.53-300x300.jpeg 300w, https:\/\/asso-6art-sonchamp.fr\/wp-content\/uploads\/2025\/04\/WhatsApp-Image-2025-04-11-at-23.32.53-1024x1024.jpeg 1024w, https:\/\/asso-6art-sonchamp.fr\/wp-content\/uploads\/2025\/04\/WhatsApp-Image-2025-04-11-at-23.32.53-150x150.jpeg 150w, https:\/\/asso-6art-sonchamp.fr\/wp-content\/uploads\/2025\/04\/WhatsApp-Image-2025-04-11-at-23.32.53-768x768.jpeg 768w\" sizes=\"(max-width: 1080px) 100vw, 1080px\" data-attachment-id=\"2343\" data-permalink=\"https:\/\/asso-6art-sonchamp.fr\/index.php\/meltinskills-2eme-generation-2\/whatsapp-image-2025-04-11-at-23-32-53\/\" data-orig-file=\"https:\/\/asso-6art-sonchamp.fr\/wp-content\/uploads\/2025\/04\/WhatsApp-Image-2025-04-11-at-23.32.53.jpeg\" data-orig-size=\"1080,1080\" data-comments-opened=\"0\" data-image-meta=\"{&quot;aperture&quot;:&quot;0&quot;,&quot;credit&quot;:&quot;&quot;,&quot;camera&quot;:&quot;&quot;,&quot;caption&quot;:&quot;&quot;,&quot;created_timestamp&quot;:&quot;0&quot;,&quot;copyright&quot;:&quot;&quot;,&quot;focal_length&quot;:&quot;0&quot;,&quot;iso&quot;:&quot;0&quot;,&quot;shutter_speed&quot;:&quot;0&quot;,&quot;title&quot;:&quot;&quot;,&quot;orientation&quot;:&quot;0&quot;}\" data-image-title=\"WhatsApp Image 2025-04-11 at 23.32.53\" data-image-description=\"\" data-image-caption=\"\" data-medium-file=\"https:\/\/asso-6art-sonchamp.fr\/wp-content\/uploads\/2025\/04\/WhatsApp-Image-2025-04-11-at-23.32.53-300x300.jpeg\" data-large-file=\"https:\/\/asso-6art-sonchamp.fr\/wp-content\/uploads\/2025\/04\/WhatsApp-Image-2025-04-11-at-23.32.53-1024x1024.jpeg\" \/><div\n\t\t\t\n\t\t\tclass=\"so-widget-sow-editor so-widget-sow-editor-base\"\n\t\t\t\n\t\t>\n<div class=\"siteorigin-widget-tinymce textwidget\">\n\t<h1 style=\"text-align: center;\">COMPAGNIES de HIP-HOP de la famille MELTIN'S<\/h1>\n<h2><span style=\"color: #ff6600;\"><strong><a style=\"color: #ff6600;\" href=\"http:\/\/asso-6art-sonchamp.fr\/index.php\/les-compagnies\/meltinskills\/\">Meltin'Skills<\/a><\/strong><\/span><\/h2>\n<p><span style=\"color: #000000;\">depuis 2018<\/span><\/p>\n<h2><strong><span style=\"color: #ff6600;\"><a style=\"color: #ff6600;\" href=\"http:\/\/asso-6art-sonchamp.fr\/index.php\/les-compagnies\/meltinkidz\/\">Meltin'Kidz<\/a> <\/span><br \/>\n<\/strong><\/h2>\n<p>depuis 2014<\/p>\n<h2><span style=\"color: #ff6600;\"><strong><a style=\"color: #ff6600;\" href=\"http:\/\/asso-6art-sonchamp.fr\/index.php\/les-compagnies\/jeunes-pousses\/\">Jeunes Pousses<\/a><\/strong><\/span><\/h2>\n<p>2018-2020<\/p>\n<p><span style=\"font-size: 12pt;\">Les compagnies de danse amateure de hip-hop au sein de 6\u00e8me Art ont \u00e9t\u00e9 cr\u00e9\u00e9es par <span style=\"color: #ff6600;\"><a style=\"color: #ff6600;\" href=\"http:\/\/asso-6art-sonchamp.fr\/index.php\/nos-professeurs\/sandrine-guilhem\/\" target=\"_blank\" rel=\"noopener\">Sandrine Guilhem<\/a><\/span> d\u00e8s 2014.<\/span><\/p>\n<\/div>\n<\/div><\/div><\/div><\/div><div id=\"pgc-98-1-1\"  class=\"panel-grid-cell\" ><div id=\"panel-98-1-1-0\" class=\"so-panel widget widget_sow-editor panel-first-child panel-last-child\" data-index=\"2\" ><div class=\"so-parallax panel-widget-style panel-widget-style-for-98-1-1-0\" style=\"border: 1px solid #000000;\" ><img decoding=\"async\" width=\"2000\" height=\"1500\" src=\"https:\/\/asso-6art-sonchamp.fr\/wp-content\/uploads\/2025\/04\/WhatsApp-Image-2025-03-16-at-11.09.18-24.jpeg\" class=\"attachment-full size-full\" alt=\"\" data-siteorigin-parallax=\"true\" loading=\"eager\" style=\"opacity: 0.20;\" srcset=\"https:\/\/asso-6art-sonchamp.fr\/wp-content\/uploads\/2025\/04\/WhatsApp-Image-2025-03-16-at-11.09.18-24.jpeg 2000w, https:\/\/asso-6art-sonchamp.fr\/wp-content\/uploads\/2025\/04\/WhatsApp-Image-2025-03-16-at-11.09.18-24-300x225.jpeg 300w, https:\/\/asso-6art-sonchamp.fr\/wp-content\/uploads\/2025\/04\/WhatsApp-Image-2025-03-16-at-11.09.18-24-1024x768.jpeg 1024w, https:\/\/asso-6art-sonchamp.fr\/wp-content\/uploads\/2025\/04\/WhatsApp-Image-2025-03-16-at-11.09.18-24-768x576.jpeg 768w, https:\/\/asso-6art-sonchamp.fr\/wp-content\/uploads\/2025\/04\/WhatsApp-Image-2025-03-16-at-11.09.18-24-1536x1152.jpeg 1536w\" sizes=\"(max-width: 2000px) 100vw, 2000px\" data-attachment-id=\"2265\" data-permalink=\"https:\/\/asso-6art-sonchamp.fr\/index.php\/a-corps-et-accords\/whatsapp-image-2025-03-16-at-11-09-18-24\/\" data-orig-file=\"https:\/\/asso-6art-sonchamp.fr\/wp-content\/uploads\/2025\/04\/WhatsApp-Image-2025-03-16-at-11.09.18-24.jpeg\" data-orig-size=\"2000,1500\" data-comments-opened=\"0\" data-image-meta=\"{&quot;aperture&quot;:&quot;0&quot;,&quot;credit&quot;:&quot;&quot;,&quot;camera&quot;:&quot;&quot;,&quot;caption&quot;:&quot;&quot;,&quot;created_timestamp&quot;:&quot;0&quot;,&quot;copyright&quot;:&quot;&quot;,&quot;focal_length&quot;:&quot;0&quot;,&quot;iso&quot;:&quot;0&quot;,&quot;shutter_speed&quot;:&quot;0&quot;,&quot;title&quot;:&quot;&quot;,&quot;orientation&quot;:&quot;0&quot;}\" data-image-title=\"WhatsApp Image 2025-03-16 at 11.09.18 (24)\" data-image-description=\"\" data-image-caption=\"\" data-medium-file=\"https:\/\/asso-6art-sonchamp.fr\/wp-content\/uploads\/2025\/04\/WhatsApp-Image-2025-03-16-at-11.09.18-24-300x225.jpeg\" data-large-file=\"https:\/\/asso-6art-sonchamp.fr\/wp-content\/uploads\/2025\/04\/WhatsApp-Image-2025-03-16-at-11.09.18-24-1024x768.jpeg\" \/><div\n\t\t\t\n\t\t\tclass=\"so-widget-sow-editor so-widget-sow-editor-base\"\n\t\t\t\n\t\t>\n<div class=\"siteorigin-widget-tinymce textwidget\">\n\t<h1 style=\"text-align: center;\">COMPAGNIES de MODERN<\/h1>\n<p>&nbsp;<\/p>\n<h2><span style=\"color: #ff6600;\"><strong><a style=\"color: #ff6600;\" href=\"http:\/\/asso-6art-sonchamp.fr\/index.php\/les-compagnies\/danse-en-choeur\/\" target=\"_blank\" rel=\"noopener\">Danse en Ch\u0153ur<\/a><\/strong><\/span><\/h2>\n<p>de 2013 \u00e0 2015<\/p>\n<h2><a href=\"https:\/\/asso-6art-sonchamp.fr\/index.php\/a-corps-et-accords\/\" target=\"_blank\" rel=\"noopener\"><span style=\"color: #ff6600;\"><strong><span style=\"color: #ff6600;\">A Corps et Accords<\/span><\/strong><\/span><\/a><\/h2>\n<p>depuis 2023<\/p>\n<p>&nbsp;<\/p>\n<p>&nbsp;<\/p>\n<p>&nbsp;<\/p>\n<p>&nbsp;<\/p>\n<\/div>\n<\/div><\/div><\/div><\/div><\/div><div id=\"pg-98-2\"  class=\"panel-grid panel-no-style\" ><div id=\"pgc-98-2-0\"  class=\"panel-grid-cell\" ><div id=\"panel-98-2-0-0\" class=\"so-panel widget widget_sow-editor panel-first-child panel-last-child panel-has-overlay\" data-index=\"3\" ><div style=\"padding: 20px 20px 20px 20px;border: 1px solid #000000;\" class=\"panel-widget-style panel-widget-style-for-98-2-0-0\" >\t\t\t\t<div\n\t\t\t\t\tclass=\"panel-background-overlay\"\n\t\t\t\t\t\t\t\t\t\t\tstyle=\"background-image:url(https:\/\/asso-6art-sonchamp.fr\/wp-content\/uploads\/2025\/05\/photo.jpg);background-repeat:repeat;opacity:0.19;\"\n\t\t\t\t\t\t\t\t\t>\n\t\t\t\t\t\t\t\t\t<\/div>\n\t\t\t\t<div\n\t\t\t\n\t\t\tclass=\"so-widget-sow-editor so-widget-sow-editor-base\"\n\t\t\t\n\t\t>\n<div class=\"siteorigin-widget-tinymce textwidget\">\n\t<h3 style=\"text-align: center;\"><strong>AUDITIONS pour int\u00e9grer la Cie Meltin'Kidz ou Meltin'Skills \u00e0 la rentr\u00e9e 2025 :<\/strong><\/h3>\n<p style=\"text-align: center;\"><strong><span style=\"font-size: 14pt;\">nouveau RdV en septembre<\/span><\/strong><\/p>\n<p style=\"text-align: center;\"><strong><span style=\"font-size: 14pt;\">Infos bient\u00f4t disponibles<\/span><\/strong><\/p>\n<p><a href=\"http:\/\/asso-6art-sonchamp.fr\/wp-content\/uploads\/2025\/05\/Auditions-Affiche-A3-2.png\"><img data-attachment-id=\"2415\" data-permalink=\"https:\/\/asso-6art-sonchamp.fr\/index.php\/les-compagnies\/auditions-affiche-a3-2\/\" data-orig-file=\"https:\/\/asso-6art-sonchamp.fr\/wp-content\/uploads\/2025\/05\/Auditions-Affiche-A3-2.png\" data-orig-size=\"1414,2000\" data-comments-opened=\"0\" data-image-meta=\"{&quot;aperture&quot;:&quot;0&quot;,&quot;credit&quot;:&quot;&quot;,&quot;camera&quot;:&quot;&quot;,&quot;caption&quot;:&quot;&quot;,&quot;created_timestamp&quot;:&quot;0&quot;,&quot;copyright&quot;:&quot;&quot;,&quot;focal_length&quot;:&quot;0&quot;,&quot;iso&quot;:&quot;0&quot;,&quot;shutter_speed&quot;:&quot;0&quot;,&quot;title&quot;:&quot;&quot;,&quot;orientation&quot;:&quot;0&quot;}\" data-image-title=\"Auditions Affiche A3 (2)\" data-image-description=\"\" data-image-caption=\"\" data-medium-file=\"https:\/\/asso-6art-sonchamp.fr\/wp-content\/uploads\/2025\/05\/Auditions-Affiche-A3-2-212x300.png\" data-large-file=\"https:\/\/asso-6art-sonchamp.fr\/wp-content\/uploads\/2025\/05\/Auditions-Affiche-A3-2-724x1024.png\" loading=\"lazy\" decoding=\"async\" class=\"aligncenter wp-image-2415 size-large\" src=\"http:\/\/asso-6art-sonchamp.fr\/wp-content\/uploads\/2025\/05\/Auditions-Affiche-A3-2-724x1024.png\" alt=\"\" width=\"474\" height=\"670\" srcset=\"https:\/\/asso-6art-sonchamp.fr\/wp-content\/uploads\/2025\/05\/Auditions-Affiche-A3-2-724x1024.png 724w, https:\/\/asso-6art-sonchamp.fr\/wp-content\/uploads\/2025\/05\/Auditions-Affiche-A3-2-212x300.png 212w, https:\/\/asso-6art-sonchamp.fr\/wp-content\/uploads\/2025\/05\/Auditions-Affiche-A3-2-768x1086.png 768w, https:\/\/asso-6art-sonchamp.fr\/wp-content\/uploads\/2025\/05\/Auditions-Affiche-A3-2-1086x1536.png 1086w, https:\/\/asso-6art-sonchamp.fr\/wp-content\/uploads\/2025\/05\/Auditions-Affiche-A3-2.png 1414w\" sizes=\"auto, (max-width: 474px) 100vw, 474px\" \/><\/a><\/p>\n<\/div>\n<\/div><\/div><\/div><\/div><\/div><\/div>","protected":false},"excerpt":{"rendered":"<p>Les Compagnies de danse de 6\u00e8me Art participent \u00e0 des rencontres et\/ou concours chor\u00e9graphiques, ainsi qu\u2019\u00e0 nos Galas et Portes Ouvertes. Pour les auditions 2025, voir ci-dessous. COMPAGNIES de HIP-HOP de la famille MELTIN&rsquo;S Meltin&rsquo;Skills depuis 2018 Meltin&rsquo;Kidz depuis 2014 Jeunes Pousses 2018-2020 Les compagnies de danse amateure de hip-hop au sein de 6\u00e8me Art &hellip; <a href=\"https:\/\/asso-6art-sonchamp.fr\/index.php\/les-compagnies\/\" class=\"more-link\">Continuer la lecture de <span class=\"screen-reader-text\">Les Compagnies<\/span>  <span class=\"meta-nav\">&rarr;<\/span><\/a><\/p>\n","protected":false},"author":1,"featured_media":0,"parent":0,"menu_order":0,"comment_status":"closed","ping_status":"closed","template":"","meta":{"_acf_changed":false,"jetpack_post_was_ever_published":false,"footnotes":""},"class_list":["post-98","page","type-page","status-publish","hentry"],"acf":[],"jetpack_sharing_enabled":true,"jetpack_shortlink":"https:\/\/wp.me\/P6Yl4y-1A","jetpack-related-posts":[],"_links":{"self":[{"href":"https:\/\/asso-6art-sonchamp.fr\/index.php\/wp-json\/wp\/v2\/pages\/98","targetHints":{"allow":["GET"]}}],"collection":[{"href":"https:\/\/asso-6art-sonchamp.fr\/index.php\/wp-json\/wp\/v2\/pages"}],"about":[{"href":"https:\/\/asso-6art-sonchamp.fr\/index.php\/wp-json\/wp\/v2\/types\/page"}],"author":[{"embeddable":true,"href":"https:\/\/asso-6art-sonchamp.fr\/index.php\/wp-json\/wp\/v2\/users\/1"}],"replies":[{"embeddable":true,"href":"https:\/\/asso-6art-sonchamp.fr\/index.php\/wp-json\/wp\/v2\/comments?post=98"}],"version-history":[{"count":64,"href":"https:\/\/asso-6art-sonchamp.fr\/index.php\/wp-json\/wp\/v2\/pages\/98\/revisions"}],"predecessor-version":[{"id":2481,"href":"https:\/\/asso-6art-sonchamp.fr\/index.php\/wp-json\/wp\/v2\/pages\/98\/revisions\/2481"}],"wp:attachment":[{"href":"https:\/\/asso-6art-sonchamp.fr\/index.php\/wp-json\/wp\/v2\/media?parent=98"}],"curies":[{"name":"wp","href":"https:\/\/api.w.org\/{rel}","templated":true}]}}